ed by 26?
23
What is the remainder when 5255 is divided by 10?
5
What is the remainder when 58549 is divided by 52?
49
Calculate the remainder when 3692 is divided by 3691.
1
What is the remainder when 12 is divided by 11?
1
Calculate the remainder when 775 is divided by 56.
47
Calculate the remainder when 6 is divided by 2.
0
Calculate the remainder when 68 is divided by 2.
0
Calculate the remainder when 1220 is divided by 229.
75
What is the remainder when 605 is divided by 313?
292
What is the remainder when 1709 is divided by 95?
94
What is the remainder when 810 is divided by 29?
27
What is the remainder when 7565 is divided by 161?
159
What is the remainder when 594 is divided by 19?
5
What is the remainder when 1675 is divided by 239?
2
What is the remainder when 1158 is divided by 166?
162
What is the remainder when 533 is divided by 77?
71
Calculate the remainder when 417 is divided by 397.
20
Calculate the remainder when 184 is divided by 17.
14
Calculate the remainder when 398 is divided by 58.
50
Calculate the remainder when 668 is divided by 32.
28
What is the remainder when 766 is divided by 10?
6
Calculate the remainder when 972 is divided by 157.
30
Calculate the remainder when 317 is divided by 13.
5
Calculate the remainder when 14255 is divided by 33.
32
What is the remainder when 2507 is divided by 10?
7
What is the remainder when 2238 is divided by 64?
62
Calculate the remainder when 380 is divided by 95.
0
What is the remainder when 280 is divided by 47?
45
What is the remainder when 811 is divided by 28?
27
Calculate the remainder when 507 is divided by 100.
7
Calculate the remainder when 248 is divided by 82.
2
Calculate the remainder when 5999 is divided by 26.
19
Calculate the remainder when 346 is divided by 40.
26
What is the remainder when 1225 is divided by 182?
133
Calculate the remainder when 678 is divided by 115.
103
Calculate the remainder when 1104 is divided by 124.
112
Calculate the remainder when 322 is divided by 83.
73
Calculate the remainder when 1379 is divided by 46.
45
Calculate the remainder when 8452 is divided by 18.
10
Calculate the remainder when 285 is divided by 22.
21
Calculate the remainder when 110 is divided by 15.
5
Calculate the remainder when 448 is divided by 135.
43
What is the remainder when 661 is divided by 39?
37
Calculate the remainder when 1855 is divided by 23.
15
Calculate the remainder when 668 is divided by 220.
8
Calculate the remainder when 10 is divided by 2.
0
Calculate the remainder when 1970 is divided by 38.
32
Calculate the remainder when 1263 is divided by 36.
3
What is the remainder when 184 is divided by 49?
37
What is the remainder when 202 is divided by 86?
30
Calculate the remainder when 267 is divided by 18.
15
What is the remainder when 2999 is divided by 13?
9
Calculate the remainder when 305 is divided by 17.
16
What is the remainder when 1967 is divided by 10?
7
Calculate the remainder when 69 is divided by 25.
19
What is the remainder when 76 is divided by 51?
25
Calculate the remainder when 1345 is divided by 18.
13
What is the remainder when 416 is divided by 20?
16
Calculate the remainder when 781 is divided by 49.
46
What is the remainder when 209 is divided by 101?
7
What is the remainder when 8147 is divided by 14?
13
Calculate the remainder when 122 is divided by 68.
54
Calculate the remainder when 182 is divided by 17.
12
What is the remainder when 240 is divided by 81?
78
Calculate the remainder when 701 is divided by 71.
62
Calculate the remainder when 3202 is divided by 352.
34
What is the remainder when 228 is divided by 39?
33
Calculate the remainder when 355 is divided by 97.
64
What is the remainder when 1154 is divided by 237?
206
Calculate the remainder when 43 is divided by 22.
21
Calculate the remainder when 651 is divided by 92.
7
What is the remainder when 2510 is divided by 74?
68
What is the remainder when 5 is divided by 4?
1
Calculate the remainder when 204 is divided by 24.
12
What is the remainder when 170 is divided by 46?
32
Calculate the remainder when 701 is divided by 230.
11
What is the remainder when 69 is divided by 15?
9
Calculate the remainder when 72 is divided by 27.
18
What is the remainder when 115 is divided by 72?
43
Calculate the remainder when 25 is divided by 6.
1
What is the remainder when 64 is divided by 28?
8
Calculate the remainder when 1759 is divided by 251.
2
Calculate the remainder when 3730 is divided by 45.
40
What is the remainder when 1048 is divided by 202?
38
Calculate the remainder when 162 is divided by 79.
4
What is the remainder when 689 is divided by 173?
170
Calculate the remainder when 1788 is divided by 78.
72
Calculate the remainder when 218 is divided by 20.
18
Calculate the remainder when 1356 is divided by 59.
58
What is the remainder when 306 is divided by 62?
58
What is the remainder when 1497 is divided by 150?
147
Calculate the remainder when 95 is divided by 25.
20
What is the remainder when 206 is divided by 90?
26
Calculate the remainder when 4368 is divided by 190.
188
Calculate the remainder when 67 is divided by 10.
7
Calculate the remainder when 567 is divided by 509.
58
Calculate the remainder when 743 is divided by 173.
51
Calculate the remainder when 393 is divided by 131.
0
What is the remainder when 765 is divided by 98?
79
Calculate the remainder when 733 is divided by 105.
103
What is the remainder when 12 is divided by 2?
0
Calculate the remainder when 1014 is divided by 338.
0
Calculate the remainder when 349 is divided by 68.
9
What is the remainder when 85 is divided by 37?
11
What is the remainder when 8 is divided by 5?
3
What is the remainder when 478 is divided by 40?
38
What is the remainder when 3075 is divided by 114?
111
Calculate the remainder when 7130 is divided by 40.
10
Calculate the remainder when 56 is divided by 18.
2
Calculate the remainder when 827 is divided by 4.
3
What is the remainder when 222 is divided by 25?
22
Calculate the remainder when 168 is divided by 43.
39
What is the remainder when 991 is divided by 20?
11
What is the remainder when 450 is divided by 63?
9
Calculate the remainder when 862 is divided by 272.
46
What is the remainder when 885 is divided by 111?
108
Calculate the remainder when 37 is divided by 8.
5
What is the remainder when 795 is divided by 19?
16
What is the remainder when 230 is divided by 124?
106
What is the remainder when 183 is divided by 93?
90
What is the remainder when 132 is divided by 27?
24
What is the remainder when 385 is divided by 52?
21
What is the remainder when 302 is divided by 74?
6
What is the remainder when 925 is divided by 250?
175
Calculate the remainder when 353 is divided by 314.
39
What is the remainder when 189 is divided by 54?
27
What is the remainder when 60 is divided by 17?
9
Calculate the remainder when 1797 is divided by 34.
29
Calculate the remainder when 299 is divided by 62.
51
Calculate the remainder when 226 is divided by 60.
46
What is the remainder when 200 is divided by 42?
32
Calculate the remainder when 2341 is divided by 4.
1
Calculate the remainder when 46 is divided by 17.
12
What is the remainder when 376 is divided by 187?
2
What is the remainder when 433 is divided by 141?
10
What is the remainder when 771 is divided by 479?
292
Calculate the remainder when 321 is divided by 108.
105
What is the remainder when 6157 is divided by 199?
187
What is the remainder when 365 is divided by 41?
37
What is the remainder when 188 is divided by 126?
62
Calculate the remainder when 94 is divided by 14.
10
What is the remainder when 774 is divided by 768?
6
What is the remainder when 231 is divided by 9?
6
Calculate the remainder when 129 is divided by 38.
15
What is the remainder when 140 is divided by 50?
40
What is the remainder when 646 is divided by 15?
1
Calculate the remainder when 938 is divided by 142.
86
What is the remainder when 21154 is divided by 258?
256
Calculate the remainder when 1086 is divided by 11.
8
Calculate the remainder when 4018 is divided by 4.
2
What is the remainder when 179 is divided by 37?
31
What is the remainder when 79 is divided by 20?
19
Calculate the remainder when 311 is divided by 13.
12
What is the remainder when 567 is divided